{"id":45,"date":"2025-11-02T20:03:58","date_gmt":"2025-11-02T23:03:58","guid":{"rendered":"https:\/\/vitaminasoul.com.br\/?page_id=45"},"modified":"2025-11-02T20:27:04","modified_gmt":"2025-11-02T23:27:04","slug":"agenda-de-shows","status":"publish","type":"page","link":"https:\/\/vitaminasoul.com.br\/?page_id=45","title":{"rendered":"Agenda de Shows"},"content":{"rendered":"\n<figure class=\"wp-block-image size-large is-resized\"><img loading=\"lazy\" decoding=\"async\" width=\"1024\" height=\"673\" src=\"https:\/\/vitaminasoul.com.br\/wp-content\/uploads\/2025\/11\/1254px-x-824px-1024x673.png\" alt=\"\" class=\"wp-image-46\" style=\"width:940px;height:auto\" srcset=\"https:\/\/vitaminasoul.com.br\/wp-content\/uploads\/2025\/11\/1254px-x-824px-1024x673.png 1024w, https:\/\/vitaminasoul.com.br\/wp-content\/uploads\/2025\/11\/1254px-x-824px-300x197.png 300w, https:\/\/vitaminasoul.com.br\/wp-content\/uploads\/2025\/11\/1254px-x-824px-768x505.png 768w, https:\/\/vitaminasoul.com.br\/wp-content\/uploads\/2025\/11\/1254px-x-824px.png 1254w\" sizes=\"(max-width: 1024px) 100vw, 1024px\" \/><\/figure>\n\n\n\n<p class=\"has-text-align-left\"><strong>Vitamina Soul no Hotel Vila Gal\u00e9 na Lapa &#8211; Rio de Janeiro, <br>no dia 28 de Novembro, sexta-feira \u00e0s 20h.<\/strong><br><br>A banda apresentar\u00e1 o repert\u00f3rio &#8221; Vitamina Soul &#8211; Soul em Festa! &#8221; que re\u00fane <br>uma sele\u00e7\u00e3o de hits dan\u00e7antes e arranjos especialmente preparados para movimentar corpos na pista. <br>Drum and Bass, Grooves de Guitarras e Grandes Sucessos do Brazilian Soul Music!<br><br>O Bar do hotel abre as 19h!<br><br><strong>Ingressos e reservas s\u00e3o realizados pelo telefone:<br>21 98243-4640 (M\u00e1rcia Martins &#8211; Produtora)<\/strong><\/p>\n","protected":false},"excerpt":{"rendered":"<p>Vitamina Soul no Hotel Vila Gal\u00e9 na Lapa &#8211; Rio de Janeiro, no dia 28 de Novembro, sexta-feira \u00e0s 20h. A banda apresentar\u00e1 o repert\u00f3rio &#8221; Vitamina Soul &#8211; Soul em Festa! &#8221; que re\u00fane<span class=\"more-button\"><a href=\"https:\/\/vitaminasoul.com.br\/?page_id=45\" class=\"more-link\">Continue reading<span class=\"screen-reader-text\">Agenda de Shows<\/span><i class=\"fa fa-angle-right\" aria-hidden=\"true\"><\/i><\/a><\/span><\/p>\n","protected":false},"author":1,"featured_media":0,"parent":0,"menu_order":0,"comment_status":"closed","ping_status":"closed","template":"","meta":{"footnotes":""},"_links":{"self":[{"href":"https:\/\/vitaminasoul.com.br\/index.php?rest_route=\/wp\/v2\/pages\/45"}],"collection":[{"href":"https:\/\/vitaminasoul.com.br\/index.php?rest_route=\/wp\/v2\/pages"}],"about":[{"href":"https:\/\/vitaminasoul.com.br\/index.php?rest_route=\/wp\/v2\/types\/page"}],"author":[{"embeddable":true,"href":"https:\/\/vitaminasoul.com.br\/index.php?rest_route=\/wp\/v2\/users\/1"}],"replies":[{"embeddable":true,"href":"https:\/\/vitaminasoul.com.br\/index.php?rest_route=%2Fwp%2Fv2%2Fcomments&post=45"}],"version-history":[{"count":10,"href":"https:\/\/vitaminasoul.com.br\/index.php?rest_route=\/wp\/v2\/pages\/45\/revisions"}],"predecessor-version":[{"id":62,"href":"https:\/\/vitaminasoul.com.br\/index.php?rest_route=\/wp\/v2\/pages\/45\/revisions\/62"}],"wp:attachment":[{"href":"https:\/\/vitaminasoul.com.br\/index.php?rest_route=%2Fwp%2Fv2%2Fmedia&parent=45"}],"curies":[{"name":"wp","href":"https:\/\/api.w.org\/{rel}","templated":true}]}}